 4*v - 324. Let m = 109 - r. Calculate the remainder when m is divided by 11.
8
Let r = 26 - 15. Calculate the remainder when 43 is divided by r.
10
Suppose 2*t = 4*t - 10. What is the remainder when 6 is divided by t?
1
Let x = -14 + 21. What is the remainder when 11 is divided by x?
4
Suppose 0 = 4*r - 2*k + 84, 38 = -5*r + 4*k - 67. Let b = -16 - r. Calculate the remainder when b is divided by 3.
2
Let d be (-21)/(-4) - 15/(-20). Let h = 13 - d. What is the remainder when 19 is divided by h?
5
Suppose 0 = a, -v - 9 = -a + 2*a. Let y(m) = -m**3 - 9*m**2 - m + 5. Let q = -6 + 11. What is the remainder when y(v) is divided by q?
4
Let i(o) = o**3 + 9*o**2 + 3*o + 4. Let h be i(-6). Suppose h + 41 = 5*q. Calculate the remainder when q is divided by 14.
13
Let c = -24 - -37. Let g(x) = -3*x**3 - 1. Let t(l) = l**3 - l**2 - 1. Let w(r) = -g(r) - 4*t(r). What is the remainder when c is divided by w(4)?
3
Let l = -6 + 6. Let c = l - -16. What is the remainder when 29 is divided by c?
13
Suppose -4*c + 5*i = -319, i = 3*i - 10. What is the remainder when c is divided by 29?
28
Suppose 18 = -6*m + 8*m. Calculate the remainder when 53 is divided by m.
8
Let p be (-10)/(-6) - 2/(-6). Suppose -m - p*m = -9. What is the remainder when 2 + m/((-6)/(-22)) is divided by 5?
3
Let r be (17 + 0)*(-2 - 0). Let i = r - -48. Let c = 8 + -3. What is the remainder when i is divided by c?
4
Suppose 0*m = 4*m. Suppose m = t + t. Suppose -3*b + 6 = -t*b. What is the remainder when 2 is divided by b?
0
Let t = 12 + 18. What is the remainder when 21 is divided by ((-36)/t)/((-1)/5)?
3
Let u = 24 + -17. Let q(b) = 2*b**2 - 11*b + 9. Calculate the remainder when q(u) is divided by (16/(-3))/(3/(-9)).
14
Suppose v + 30 = 2*v. What is the remainder when ((-10)/(-4))/(5/v) is divided by 8?
7
Suppose 0 = -2*p - 5*y + 12, -3*y = 4*p - 2*y + 12. Calculate the remainder when 14 is divided by ((-2)/p)/((-1)/(-10)).
4
Let k = 14 - 10. Suppose 3*o - 24 = l + 20, k*o + 5*l = 27. What is the remainder when o is divided by 7?
6
Suppose 3*u + 3*n = 48, -5*n + 45 = 3*u - 3. Let i(v) = -v**2 + 2*v + 1. Let y be i(2). Calculate the remainder when y/1 + 1*28 is divided by u.
13
Let f = -4 - -12. Suppose -2*i + 148 = 2*i. Let w = i - 14. What is the remainder when w is divided by f?
7
Suppose -10 = 4*o + o. Let v be -2 + (-48 - 2) + o. Let b = -37 - v. What is the remainder when b is divided by 6?
5
Let d = 2 - -55. Calculate the remainder when d is divided by 21.
15
Let a(n) = -2*n - 6. Suppose 0 = s - 1. What is the remainder when a(-4) is divided by s?
0
Let i(r) = 1. Let u(z) = -z + 9. Let a(q) = 6*i(q) - u(q). What is the remainder when 11 is divided by a(7)?
3
Suppose 0*j + 5*j = -3*y + 139, 4*j = -2*y + 112. Calculate the remainder when j is divided by 9.
2
Suppose 37 = -4*b - 11. What is the remainder when 9 is divided by (-70)/b + (-1)/(-6)?
3
What is the remainder when ((-152)/16)/((-2)/4) is divided by 7?
5
Let o(w) = -11*w - 1. Let q = 133 + -116. Calculate the remainder when o(-6) is divided by q.
14
Suppose 2*h + 5*x = 36, 4*x - 73 = -4*h - h. Suppose 2*u = -m - 3*u + 58, -3*u + 50 = m. Calculate the remainder when m is divided by h.
12
Let z(x) = x**2 + 3*x - 8. Suppose -79 + 21 = -2*l. Calculate the remainder when l is divided by z(-6).
9
Suppose 0 = -4*d + 4, 4*o = 5*d + 38 + 21. What is the remainder when 92 is divided by o?
12
Let h(s) = s**3 - 2*s**2 + s + 1. What is the remainder when 37 is divided by h(3)?
11
Let q(c) = c**3 + 6*c**2 + 5*c + 4. Calculate the remainder when 18 is divided by q(-2).
8
Suppose -x + 5*b + 13 = 0, 0 = -3*x + b + b + 65. Calculate the remainder when 66 is divided by x.
20
Suppose -3*a = 4*x - 152, 0 = 5*x + 5*a - 144 - 46. Calculate the remainder when x is divided by ((-20)/(-3))/(1/3).
18
Suppose 55 = 5*x - 4*i, -4*i = 2*x - 2*i - 4. What is the remainder when x is divided by (-1)/(-2 - (-10)/6)?
1
Let r(a) = a**2 - 2*a - 6. Calculate the remainder when 1*(-1 + (-36)/(-2)) is divided by r(5).
8
Suppose -24*l + 19*l + 190 = 0. Calculate the remainder when 187 is divided by l.
35
Suppose x = 3*g + 6, -x + g + 2 = -4*g. Suppose t + x = 3*t. Calculate the remainder when 11 is divided by t.
5
Suppose 0 = 2*m - 8, -q - 2*m + 0*m = -9. What is the remainder when q is divided by 1?
0
Let f = 31 + -29. Let o(w) = 15*w**3 + w**2. Let a be o(1). Suppose -f*m - 5*n + a = 0, 2*n - 8 = -m + 3*n. What is the remainder when 23 is divided by m?
7
Suppose 0 = -5*l - 1 + 146. Suppose -j = -5*j - 56. Let o = -6 - j. What is the remainder when l is divided by o?
5
Suppose -14 = 4*h - 126. Suppose -p = -0 - 10. What is the remainder when h is divided by p?
8
Suppose 0 = -2*o + 20 + 14. What is the remainder when 66 is divided by o?
15
Suppose 7 + 5 = 3*m. Calculate the remainder when 15 is divided by m.
3
Let o(c) = 4*c**2 - 27*c - 6. What is the remainder when o(9) is divided by 39?
36
Let o(x) = -x + 7. Let m = 0 + 6. Calculate the remainder when o(-9) is divided by m.
4
Let w(h) = h**3 - 2*h**2 - h + 2. Let m be w(2). Suppose -y = -m*y - 17. Calculate the remainder when y is divided by 10.
7
Let c = -20 + 14. Let k be (-4)/(-12) + (-100)/c. Suppose w = -0*w + k. Calculate the remainder when w is divided by 6.
5
Let c(l) = -5*l + 5. Suppose i = 4*q - 7, 4*q - 36 = -2*i + 2*q. What is the remainder when c(-4) is divided by i?
12
Suppose -5*k - 2*g = g - 65, 0 = -5*g. Let y be (-1)/5 + 708/15. Let s = y + -22. What is the remainder when s is divided by k?
12
Suppose 0 = -g + 3, 3*n - 24 = -g + 5*g. Suppose 0 = -5*z - 10, 3*b - z - n = -4. Let p = b - 0. What is the remainder when p is divided by 1?
0
Suppose -o = -2*o + 13. Let a be (-4)/6 - 4/(-6). Suppose j = 4*j - 2*d - 147, a = -3*d + 9. Calculate the remainder when j is divided by o.
12
Let a be (3 + 1 + -4)/(-1). Suppose 3*k = -a*k + 3. Suppose k = -x + 24. What is the remainder when 67 is divided by x?
21
Let o(q) = q**2 + 9*q + 22. What is the remainder when o(-9) is divided by 4?
2
Suppose 6*t - 3*t = -5*m + 9, -4*t + 47 = -5*m. Calculate the remainder when 13 is divided by t.
5
Suppose -4*v - 2*g + 32 = 0, -7*g - 4 = -2*v - 2*g. Calculate the remainder when 17 is divided by v.
3
Calculate the remainder when 70 is divided by (-4)/12 + (-110)/(-6).
16
Let i be (-26)/(-3) + 12/(-18). Let z = i + -3. Calculate the remainder when 12 is divided by z.
2
Let q(r) = 6*r + 6. What is the remainder when 69 is divided by q(5)?
33
Suppose -2*y + 15 = -21. Suppose -2*n - 5*l + 65 = -19, 0 = n + 3*l - 40. What is the remainder when n is divided by y?
16
Let f be 3 - ((-6)/2 + 2). Let v = -5 + f. Calculate the remainder when 64 is divided by (0 - v)*-1 + 23.
20
Let k = 31 + -12. What is the remainder when 75 is divided by k?
18
Let q = 140 - 134. Let l(r) = -r**3 + 5*r**2 - 3*r - 2. Let w be l(4). Suppose -30 = w*i - 5*i. What is the remainder when i is divided by q?
4
Suppose -37 = -2*u + 13. What is the remainder when 197 is divided by u?
22
Let n be 42/(-9) + (-8)/(-12). Let x be (-3 + 0)*(-44)/3. What is the remainder when 31 is divided by ((-2)/n)/(2/x)?
9
Let k be (-17)/5 + (-4)/(-10). Let t(n) = -n**3 - 5*n**2 - 5*n - 2. Let j be t(k). Calculate the remainder when 4 - 2 - 85/j is divided by 5.
4
Let w(r) = -10*r - 3. Suppose 0 = -5*d - 57 + 17. Let s = d - -17. What is the remainder when w(-2) is divided by s?
8
Suppose -2*z - 3*z + 245 = -4*f, f = z - 48. What is the remainder when z is divided by 14?
11
Suppose -8 = -4*f + 2*i + 28, -3*i + 46 = 4*f. Let l = 28 + -9. Calculate the remainder when l is divided by f.
9
Calculate the remainder when 37 is divided by -4 + 2 + 20 + 3.
16
Let y(n) = 2*n**3 - 4*n**2 - 7*n + 6. What is the remainder when 292 is divided by y(4)?
40
Let j(p) be the first derivative of -3*p**2 - p + 1. What is the remainder when 10 + -2*2/4 is divided by j(-1)?
4
Suppose -y - 4*y = -4*v - 14, 2*y - 2 = -2*v. Calculate the remainder when 2/4 + (-18)/(-4) is divided by y.
1
Let q(s) = -s - 9. Let m be q(-10). Suppose -m = r - 6. Calculate the remainder when 14 is divided by r.
4
Let h = -28 - -9. Let l = -8 - h. What is the remainder when 43 is divided by l?
10
Let k be -43 + (-12)/(-1 + 5). Let q = k + 87. Suppose l - 6*l - 3*a + 76 = 0, l + 5*a - 24 = 0. Calculate the remainder when q 